{"id":3649,"date":"2024-05-27T14:56:05","date_gmt":"2024-05-27T19:56:05","guid":{"rendered":"https:\/\/colegiolaconcepcion.com.co\/portal\/?page_id=3649"},"modified":"2025-07-18T14:20:03","modified_gmt":"2025-07-18T19:20:03","slug":"prom-hireath","status":"publish","type":"page","link":"https:\/\/colegiolaconcepcion.com.co\/portal\/?page_id=3649","title":{"rendered":"PROM KAIROS"},"content":{"rendered":"\t\t<div data-elementor-type=\"wp-page\" data-elementor-id=\"3649\" class=\"elementor elementor-3649\">\n\t\t\t\t\t\t\t\t\t<section class=\"elementor-section elementor-top-section elementor-element elementor-element-32fe4bb elementor-section-boxed elementor-section-height-default elementor-section-height-default\" data-id=\"32fe4bb\" data-element_type=\"section\">\n\t\t\t\t\t\t<div class=\"elementor-container elementor-column-gap-default\">\n\t\t\t\t\t<div class=\"elementor-column elementor-col-100 elementor-top-column elementor-element elementor-element-333e1aa\" data-id=\"333e1aa\" data-element_type=\"column\">\n\t\t\t<div class=\"elementor-widget-wrap elementor-element-populated\">\n\t\t\t\t\t\t\t\t<div class=\"elementor-element elementor-element-d2222ba elementor-widget elementor-widget-heading\" data-id=\"d2222ba\" data-element_type=\"widget\" data-widget_type=\"heading.default\">\n\t\t\t\t<div class=\"elementor-widget-container\">\n\t\t\t<style>\/*! elementor - v3.6.5 - 27-04-2022 *\/\n.elementor-heading-title{padding:0;margin:0;line-height:1}.elementor-widget-heading .elementor-heading-title[class*=elementor-size-]>a{color:inherit;font-size:inherit;line-height:inherit}.elementor-widget-heading .elementor-heading-title.elementor-size-small{font-size:15px}.elementor-widget-heading .elementor-heading-title.elementor-size-medium{font-size:19px}.elementor-widget-heading .elementor-heading-title.elementor-size-large{font-size:29px}.elementor-widget-heading .elementor-heading-title.elementor-size-xl{font-size:39px}.elementor-widget-heading .elementor-heading-title.elementor-size-xxl{font-size:59px}<\/style><h2 class=\"elementor-heading-title elementor-size-default\"><b>Promoci\u00f3n <\/b>KAIR\u00d3S <b style=\"font-family: var( --e-global-typography-primary-font-family ), Sans-serif; font-size: 2rem; font-style: inherit;\">2025<\/b><\/h2>\t\t<\/div>\n\t\t\t\t<\/div>\n\t\t\t\t\t<\/div>\n\t\t<\/div>\n\t\t\t\t\t\t\t<\/div>\n\t\t<\/section>\n\t\t\t\t<section class=\"elementor-section elementor-top-section elementor-element elementor-element-9813c73 elementor-section-boxed elementor-section-height-default elementor-section-height-default\" data-id=\"9813c73\" data-element_type=\"section\">\n\t\t\t\t\t\t<div class=\"elementor-container elementor-column-gap-default\">\n\t\t\t\t\t<div class=\"elementor-column elementor-col-100 elementor-top-column elementor-element elementor-element-81bdb3a\" data-id=\"81bdb3a\" data-element_type=\"column\">\n\t\t\t<div class=\"elementor-widget-wrap elementor-element-populated\">\n\t\t\t\t\t\t\t\t<div class=\"elementor-element elementor-element-e2d55df elementor-widget elementor-widget-text-editor\" data-id=\"e2d55df\" data-element_type=\"widget\" data-widget_type=\"text-editor.default\">\n\t\t\t\t<div class=\"elementor-widget-container\">\n\t\t\t<style>\/*! elementor - v3.6.5 - 27-04-2022 *\/\n.elementor-widget-text-editor.elementor-drop-cap-view-stacked .elementor-drop-cap{background-color:#818a91;color:#fff}.elementor-widget-text-editor.elementor-drop-cap-view-framed .elementor-drop-cap{color:#818a91;border:3px solid;background-color:transparent}.elementor-widget-text-editor:not(.elementor-drop-cap-view-default) .elementor-drop-cap{margin-top:8px}.elementor-widget-text-editor:not(.elementor-drop-cap-view-default) .elementor-drop-cap-letter{width:1em;height:1em}.elementor-widget-text-editor .elementor-drop-cap{float:left;text-align:center;line-height:1;font-size:50px}.elementor-widget-text-editor .elementor-drop-cap-letter{display:inline-block}<\/style>\t\t\t\t<p>Estamos regocijados porque hoy por hoy nuestras promociones Concepcionistas han demostrado estar a la vanguardia de los tiempos, este a\u00f1o lectivo les queremos presentar formalmente a la promoci\u00f3n <strong>KAIR\u00d3S 2025<\/strong>. Les deseamos el mayor de los \u00e9xitos en su proceso acad\u00e9mico y estamos convencidos de que dar\u00e1n su mayor esfuerzo con tal de dejar en alto el nombre de su promoci\u00f3n y con ello a nuestro colegio La Concepci\u00f3n.<\/p><p><img loading=\"lazy\" class=\"aligncenter wp-image-3965\" src=\"http:\/\/colegiolaconcepcion.com.co\/portal\/wp-content\/uploads\/2025\/07\/kairos5.png\" alt=\"Prom_Kair\u00f3s25\" width=\"430\" height=\"333\" \/><\/p><p>Tendr\u00e1n todo el apoyo y compromiso para acompa\u00f1arlos y llevarlos a ser una de las mejores promociones Concepcionistas de todos los tiempos. <strong style=\"font-size: 16px;\">\u00a1\u00c9xitos en este a\u00f1o lectivo Kair\u00f3s 2025!<\/strong><\/p>\t\t\t\t\t\t<\/div>\n\t\t\t\t<\/div>\n\t\t\t\t\t<\/div>\n\t\t<\/div>\n\t\t\t\t\t\t\t<\/div>\n\t\t<\/section>\n\t\t\t\t\t\t\t<\/div>\n\t\t","protected":false},"excerpt":{"rendered":"<p>Promoci\u00f3n KAIR\u00d3S 2025 Estamos regocijados porque hoy por hoy nuestras promociones Concepcionistas han demostrado estar a la vanguardia de los tiempos, este a\u00f1o lectivo les queremos presentar formalmente a la promoci\u00f3n KAIR\u00d3S 2025. Les deseamos el mayor de los \u00e9xitos en su proceso acad\u00e9mico y estamos convencidos de que dar\u00e1n su mayor esfuerzo con tal &hellip;<\/p>\n<p class=\"read-more\"> <a class=\"\" href=\"https:\/\/colegiolaconcepcion.com.co\/portal\/?page_id=3649\"> <span class=\"screen-reader-text\">PROM KAIROS<\/span> Read More &raquo;<\/a><\/p>\n","protected":false},"author":1,"featured_media":0,"parent":0,"menu_order":0,"comment_status":"closed","ping_status":"closed","template":"","meta":{"site-sidebar-layout":"no-sidebar","site-content-layout":"page-builder","ast-main-header-display":"","ast-hfb-above-header-display":"","ast-hfb-below-header-display":"","ast-hfb-mobile-header-display":"","site-post-title":"disabled","ast-breadcrumbs-content":"","ast-featured-img":"disabled","footer-sml-layout":"","theme-transparent-header-meta":"","adv-header-id-meta":"","stick-header-meta":"","header-above-stick-meta":"","header-main-stick-meta":"","header-below-stick-meta":""},"_links":{"self":[{"href":"https:\/\/colegiolaconcepcion.com.co\/portal\/index.php?rest_route=\/wp\/v2\/pages\/3649"}],"collection":[{"href":"https:\/\/colegiolaconcepcion.com.co\/portal\/index.php?rest_route=\/wp\/v2\/pages"}],"about":[{"href":"https:\/\/colegiolaconcepcion.com.co\/portal\/index.php?rest_route=\/wp\/v2\/types\/page"}],"author":[{"embeddable":true,"href":"https:\/\/colegiolaconcepcion.com.co\/portal\/index.php?rest_route=\/wp\/v2\/users\/1"}],"replies":[{"embeddable":true,"href":"https:\/\/colegiolaconcepcion.com.co\/portal\/index.php?rest_route=%2Fwp%2Fv2%2Fcomments&post=3649"}],"version-history":[{"count":18,"href":"https:\/\/colegiolaconcepcion.com.co\/portal\/index.php?rest_route=\/wp\/v2\/pages\/3649\/revisions"}],"predecessor-version":[{"id":3977,"href":"https:\/\/colegiolaconcepcion.com.co\/portal\/index.php?rest_route=\/wp\/v2\/pages\/3649\/revisions\/3977"}],"wp:attachment":[{"href":"https:\/\/colegiolaconcepcion.com.co\/portal\/index.php?rest_route=%2Fwp%2Fv2%2Fmedia&parent=3649"}],"curies":[{"name":"wp","href":"https:\/\/api.w.org\/{rel}","templated":true}]}}